
Let h be ((-123)/(-12) + 0)*4. Let b = 80 - h. Suppose -5*q - 23 = -5*c - 8, -b = -5*c - q. Is c a composite number?
False
Let o(x) = 4*x**3 - 2*x**2 + x - 1. Let a(f) = -f + 7. Let i(b) = 5*b. Let m be i(1). Let s be a(m). Is o(s) a composite number?
True
Let x = 1368 + -628. Suppose -5*j - 5*k + x = 0, 0 = 2*j - k - 471 + 190. Is j a prime number?
False
Suppose 0 = 4*a - 3*y - 11683, 3*a + 2*y = 6439 + 2319. Is (-15)/(-35) + a/14 a composite number?
True
Suppose -3*p = 2*u - 1331, -2*u + 447 + 883 = 4*p. Is u a prime number?
False
Let r be -7 - 2 - 3/(-1). Is (-237)/r - 1/2 a composite number?
True
Suppose 2*h = 5*h - 1341. Is h a composite number?
True
Let g(m) = m**3 - 5*m**2 + 5*m. Let b be g(4). Suppose -6*x = -b*x - 670. Is x prime?
False
Let z be 0*3*4/24. Suppose 0*q + q - 298 = z. Is q a composite number?
True
Suppose -o + 4*u = 3*u + 2, 16 = 4*o + 2*u. Suppose 2 = o*p - 4. Suppose 0 = 5*v, -20 = -p*h - 2*v + 97. Is h a prime number?
False
Is (3/(-2))/(-1 - 4775/(-4790)) composite?
False
Suppose -5*f + 2*j = -4273, f + 0*j - 857 = j. Is f a composite number?
False
Suppose 863 = 5*y - 2042. Is y prime?
False
Let p be 2211/(-22)*(-10)/(-3). Let j = -186 - p. Is j a prime number?
True
Let c(l) = -305*l - 24. Is c(-7) prime?
True
Let u = -316 - -989. Is u prime?
True
Suppose -2*j + 8 = 4. Suppose x + 15 = j*l, -4*x + 2 - 22 = -4*l. Is l prime?
False
Let k(h) = 100*h. Let a be k(1). Suppose -p - 3*p = -a. Let j = p - -96. Is j a composite number?
True
Let g(d) = d**3 + 2*d**2 - d - 1. Let s be g(-2). Is (1 - -1)/(s/5) composite?
True
Let u be ((-4)/(-2))/(1 - 0). Suppose u*b = -2*b - 28. Let c = b - -10. Is c a prime number?
True
Suppose -2*t + 3 = -3. Suppose -10 - 18 = 3*b - 4*c, t*b + 5*c - 8 = 0. Let u(z) = -z**3 + z**2 - 2*z + 3. Is u(b) composite?
True
Suppose 0 = 2*c + 4*a - 738, 3*a + 186 + 939 = 3*c. Is c prime?
True
Let i be ((-2)/(-2))/(2/8). Let k = -2 + i. Suppose k*u + 0*u - 8 = -2*w, -4*w = -4*u - 40. Is w a prime number?
True
Let r = -60 + 109. Is r composite?
True
Suppose -5*g - 387 = -4*d, 5*d - 448 = -g + 43. Is d - -2*3/(-6) composite?
False
Let v(x) be the first derivative of x**4/4 + 7*x**3/3 + 5*x**2/2 + 8*x - 1. Is v(-6) composite?
True
Is (-4978)/(-10) - (-4)/5*-1 composite?
True
Suppose -678 = -2*s - 4*s. Is s a prime number?
True
Let r = 13899 - 8060. Is r composite?
False
Let d be 12/(-30) - (-7)/5. Is 2 - 3 - (d - 33) composite?
False
Let r = 178 - -57. Is r prime?
False
Suppose -a + 14 = 4*w, 3*a + w - 42 = -w. Is a prime?
False
Let o(b) be the third derivative of 0 + 0*b + 1/8*b**4 + 2*b**2 - 5/3*b**3. Is o(8) composite?
True
Let p(h) = 7*h**3 + 2*h**2 + 3*h - 3. Suppose -3*n - n + 20 = 0. Suppose -5 = -5*b + n. Is p(b) a prime number?
True
Suppose -9*k = -5*k - 1036. Is k a composite number?
True
Suppose x + 2*m - 11 = 0, 0 = x - 2*m + 2 + 3. Suppose 113 + 138 = 4*r - x*b, b + 125 = 2*r. Is r a composite number?
True
Let b be -4 + 1 - 12/(-2). Is 11/b*(0 + 3) prime?
True
Suppose -10126 = 4*l + 4*g - g, 3*g - 2524 = l. Is l/(-15) + 2/6 a composite number?
True
Suppose 0*y - 2*i - 2 = -2*y, 5*y - 4*i - 6 = 0. Suppose -y*p + 2 = -p. Suppose -16 = -r - p. Is r a prime number?
False
Let d(n) = n**3 + 2*n**2 + 2*n + 7. Is d(6) prime?
True
Suppose 189 = -l - 3*l - k, 0 = -4*l + 5*k - 159. Suppose -56*d + 380 = -52*d. Let f = l + d. Is f a prime number?
False
Let y(c) = c**2 - 2*c - 1 - 5*c + c. Let s be y(7). Suppose 5*i - 101 = -s. Is i prime?
True
Let y(j) = 4*j**2 + 2*j + 7. Let i be y(-5). Suppose -s = -2*s + i. Is s a composite number?
False
Let b(c) = c**3 - 14*c + 24. Is b(11) composite?
False
Is (1 + -2)/(13/(-2743)) composite?
False
Let f = 13 - 19. Let d = -21 + 38. Let i = d + f. Is i prime?
True
Let b(r) = -r**3 + 5*r**2 - 2*r + 3. Suppose s = -4*s + 20. Let c be b(s). Let w = c - 4. Is w a composite number?
False
Suppose 5 = d - 0*d. Suppose 978 = d*n - 332. Suppose 5*h + 3*o = n, 0 = -4*o + 1 - 5. Is h a prime number?
True
Let x(s) = -20*s**3 - 5*s**2 - 7. Is x(-4) a prime number?
True
Suppose 4*b = -14 + 90. Is b composite?
False
Let t(z) = z**2 - 2*z + 2. Let p be t(2). Suppose -p*k + 65 = 3*s - 94, -5*k + 53 = s. Is s a prime number?
True
Suppose -5*x = 3*u - 2*x - 1932, 2*u - 3*x = 1313. Is u prime?
False
Suppose -5 = -2*l + l. Suppose l*k = k + 88. Is k composite?
True
Suppose -2*o + 2*k + 2046 = 0, 3*o - 2*k = 6*o - 3089. Is o a composite number?
True
Suppose -y - 9 = -4*y - 2*n, 0 = -5*n. Is y - 6 - (-50 + 0) composite?
False
Let h(k) = 5*k**3 + k**2. Let f(s) = s**3 - 8*s**2 + s - 7. Let y be f(8). Is h(y) a composite number?
True
Is ((2 - -1) + 5659)/2 prime?
False
Let g(r) = -4*r - 4. Let x(l) = l. Let a(s) = g(s) + 3*x(s). Let m be a(-5). Suppose -2*j - 3*p + 18 = 0, 0 = j - 5*p + m - 10. Is j a prime number?
False
Suppose 3*q - 3*g + 21 = q, -5*q + 2*g - 25 = 0. Let a be -5*(q - -1)/2. Suppose -a*r + 32 + 18 = 0. Is r a prime number?
False
Suppose n + h = 5*h - 240, -5*n = 5*h + 1200. Is n/(-7) + (-10)/35 a prime number?
False
Suppose 0 = -2*j - 6 + 770. Is j a composite number?
True
Suppose k - 19 = -5*y, 3*y - 2 = 2*k - 1. Let g be 2 + 0 + 1 + 1. Suppose -a + 4*n + 3 = 0, g = -y*a - 3*n + 28. Is a a prime number?
True
Let d(q) = 30*q**2 - 12*q + 7. Is d(-9) composite?
True
Suppose -p + 225 = -1444. Is p a prime number?
True
Let p = -461 + 904. Is p prime?
True
Suppose o = 3*b - 4, 0*b - 22 = b - 5*o. Suppose -4 = -v - 4*y + 10, -b*v - 5*y = -56. Is v composite?
True
Suppose 0 = -3*b - 2 - 1. Is (b/(-4) + -3)*-28 a prime number?
False
Let v = -10 - -15. Suppose -2*x + 5*x = -v*r + 280, 5 = x. Is r a prime number?
True
Suppose -3*b + 4*b = 131. Is b composite?
False
Let t(q) = 1560*q**3 + 2*q - 1. Is t(1) a prime number?
False
Suppose s = -3*s + 844. Is 0*(-1)/(-2) + s a composite number?
False
Is (116/6)/((-6)/(-63)) composite?
True
Suppose 7*z = 2*z + 15. Suppose 0 = z*x - 911 - 112. Is x prime?
False
Let m(f) = -f - 12. Let a(d) = 11. Let i(w) = -5*a(w) - 4*m(w). Let n be i(-8). Let u = n + 61. Is u prime?
False
Suppose -763 = -3*p - 2*x, 4*p + 3*x = 6*x + 989. Is p a composite number?
False
Let b(t) be the second derivative of 3*t**5/20 + 5*t**3/6 - t**2/2 - t. Is b(4) a prime number?
True
Is (-18676)/(-49) + 1/(-7) composite?
True
Let g(f) = -48*f - 19. Is g(-7) a prime number?
True
Let s(h) = -4*h**3 - 2*h**2 - h - 5. Is s(-4) a composite number?
False
Let r be (0/1 + -3)*-3. Suppose r = -m + 4*d, 0*m - 50 = -5*m + d. Is m composite?
False
Let g = -34 + 13. Let x = 28 + 7. Let q = x + g. Is q prime?
False
Suppose 2*i + 2*l = -2*l + 4, 2*l - 2 = -3*i. Let o be 4/(-2) + i + -1. Is (o - -7) + 2 - 0 a prime number?
False
Is (-17 + 10)/((-2)/6) a composite number?
True
Let i = -1 - -4. Suppose 16 = -4*z, -2*z + 64 = -4*k + i*z. Let o = 58 - k. Is o composite?
False
Let u be 0/((6/(-2))/3). Suppose -3*d + d - 52 = 2*t, -2*d - 6 = u. Let n = t - -37. Is n prime?
False
Let v be (1/2)/((-2)/(-20)). Suppose 5*d + 0*m = 3*m + 1115, -v*m - 892 = -4*d. Is d composite?
False
Let d(l) = -114*l - 17. Is d(-13) prime?
False
Suppose -l = -5*p - 47 - 91, 0 = l + 3*p - 106. Is l a prime number?
False
Suppose -24*j + 10964 = -20*j. Is j a prime number?
True
Suppose s + 74 = 4*p, 3*s + 34 = 2*p + s. Is p prime?
True
Let o(q) = -q**2 + 43. Is o(0) composite?
False
Is 155 - (8/(-2) + 2) prime?
True
Let i = 82 + 151. Is i a composite number?
False
Is 2 - (-923 - (2 + 2 - 6)) a composite number?
True
Let d(y) = -y**2 - 19*y + 17. Is d(-14) a composite number?
True
Suppose 0 = 3*q - 4*c - 1183, -2*q - q = 5*c - 1201. Is q a prime number?
True
Let a be (-46)/(-10) + (-8)/(-20). Let p = a + 11. Is 3/4 + 292/p prime?
True
Let x(k) = -31*k**3 - 2*k**2 - 6*k + 8. Is x(-5) composite?
False
Let j(y) = 5*y**3 + 6*y**2 + y + 7. Is j(5) prime?
True
Let k(u) = u - 2. Let z be k(8). Let b be -1*(-18)/3*z. Let v = b + 33. Is v a prime number?
False
Suppose 1074 + 1471 = 5*m. Suppose -6*g + 253 = -m. Is g prime?
True
Let t(g) = -g**2 + 5*g + 8. Let m be t(6). Suppose -m*w + f + 218 = 0, f = -w + 4*f + 114. Suppose 5*l = -10, -l - w = -5*i - 2*l. Is i prime?
False
Let n(a) = -a**3 - 10*a**2 + 7*a + 11. Suppose 4*h = i - 1, 0 = h + 4*i - 4. Suppose 5*c + 14 + 41 = h. Is n(c) a composite number?
True
Suppose 2*z = 3*z -